65 a composite number?
True
Is 5779253 prime?
True
Is 144868249 a prime number?
True
Is 1261963 a composite number?
False
Is 2999761 a composite number?
True
Is 55513111 a composite number?
True
Is 137201099 composite?
True
Is 3828821 prime?
True
Is 53107739 prime?
True
Is 22335113 a composite number?
True
Is 236914 a composite number?
True
Is 2746723 prime?
False
Is 2385943 a prime number?
False
Is 1606417 prime?
False
Is 17184647 a prime number?
True
Is 3176039 composite?
True
Is 3470615 a prime number?
False
Is 23646881 a composite number?
True
Is 401551 a composite number?
False
Is 13204447 a composite number?
False
Is 30815573 composite?
False
Is 2767470677 a prime number?
True
Is 45975199 composite?
True
Is 444030569 prime?
False
Is 42692271 a prime number?
False
Is 25595737 a prime number?
True
Is 347620843 composite?
True
Is 1291279 prime?
False
Is 49577827 a composite number?
True
Is 7763221 a composite number?
False
Is 5521891 prime?
True
Is 1177387 composite?
False
Is 857493251 a prime number?
True
Is 7502311 a composite number?
True
Is 247165043 composite?
False
Is 5052167 a composite number?
False
Is 10321159 a composite number?
True
Is 14839549 composite?
True
Is 8538511 composite?
False
Is 283447 a composite number?
False
Is 10080481 composite?
True
Is 6808883 prime?
True
Is 3634373 composite?
False
Is 237012551 a prime number?
True
Is 10160719 composite?
False
Is 7083331 composite?
False
Is 87397009 prime?
False
Is 62791877 composite?
False
Is 379288797 a prime number?
False
Is 185993359 a composite number?
False
Is 138616183 prime?
True
Is 427532377 composite?
True
Is 56024867 a prime number?
True
Is 1454933 a composite number?
True
Is 10437817 a composite number?
True
Is 1050563 composite?
False
Is 15305789 a composite number?
True
Is 121999 prime?
False
Is 2110177 a composite number?
False
Is 26243671 a prime number?
True
Is 13049009 prime?
False
Is 8672893 a composite number?
True
Is 23714681 a composite number?
False
Is 182883979 a composite number?
False
Is 74331385 prime?
False
Is 21046387 a prime number?
True
Is 5349053 composite?
True
Is 5386729 prime?
True
Is 3247291 composite?
False
Is 11494081 prime?
False
Is 1990759 composite?
False
Is 11954429 a composite number?
False
Is 87740071 a composite number?
False
Is 3279361 composite?
False
Is 5169893 a prime number?
True
Is 4326667 a composite number?
False
Is 603079 composite?
True
Is 62728217 a prime number?
True
Is 36145211 a composite number?
True
Is 45022889 prime?
True
Is 1173343 a composite number?
False
Is 2103289 a composite number?
True
Is 133656961 composite?
False
Is 589021 a prime number?
True
Is 10644001 composite?
False
Is 4595261 prime?
False
Is 488661947 prime?
True
Is 48366763 prime?
False
Is 3024533 a composite number?
False
Is 2720657 composite?
True
Is 113773629 composite?
True
Is 146505111 prime?
False
Is 14765587 a prime number?
True
Is 104889893 a prime number?
False
Is 234763 a composite number?
True
Is 584815811 prime?
False
Is 437138623 a prime number?
True
Is 3939899 composite?
False
Is 11514367 a composite number?
False
Is 27589223 a prime number?
True
Is 215691323 composite?
False
Is 45371279 a prime number?
True
Is 31607239 a composite number?
True
Is 238791193 a prime number?
True
Is 11489953 composite?
True
Is 78267093 a prime number?
False
Is 16476598 a prime number?
False
Is 125058977 a prime number?
True
Is 17446943 a prime number?
False
Is 684053 prime?
True
Is 502327 a composite number?
True
Is 3824759 a prime number?
True
Is 6532343 prime?
True
Is 1421701 prime?
False
Is 8463757 prime?
True
Is 1521809 a prime number?
True
Is 2551093 prime?
False
Is 54912593 a prime number?
True
Is 144697431 a composite number?
True
Is 18025921 a prime number?
True
Is 206841757 composite?
True
Is 4449823 a prime number?
False
Is 1539943 composite?
False
Is 92851397 a composite number?
False
Is 88915343 a composite number?
True
Is 192868919 composite?
False
Is 1307023 composite?
True
Is 42351941 prime?
True
Is 32194063 a prime number?
False
Is 2722129 composite?
True
Is 708473 prime?
True
Is 10449841 prime?
False
Is 235821587 a prime number?
False
Is 31690543 a composite number?
False
Is 196197467 a prime number?
False
Is 380803 a composite number?
False
Is 382916438 a prime number?
False
Is 2032999 a composite number?
False
Is 923861 composite?
False
Is 362044603 prime?
True
Is 4821793 a composite number?
False
Is 69577337 a composite number?
False
Is 3720209 a prime number?
True
Is 4192741 a composite number?
True
Is 1451503 a composite number?
True
Is 635249 a prime number?
True
Is 5119181 composite?
True
Is 595884509 a prime number?
False
Is 132695 prime?
False
Is 1590643 composite?
False
Is 637003 a prime number?
True
Is 35240785 composite?
True
Is 3043851 a composite number?
True
Is 295460339 a prime number?
True
Is 29888167 composite?
True
Is 224596999 prime?
False
Is 5813981 a composite number?
True
Is 35637458 a composite number?
True
Is 804658 prime?
False
Is 1226265307 a composite number?
True
Is 98390793 a composite number?
True
Is 12550861 composite?
False
Is 223585891 prime?
False
Is 122147609 a prime number?
False
Is 59893283 a prime number?
False
Is 60119095 a composite number?
True
Is 24952517 prime?
False
Is 16845911 a composite number?
False
Is 76342033 a composite number?
False
Is 66829877 composite?
True
Is 597450491 prime?
False
Is 4312223 composite?
False
Is 266369 prime?
True
Is 243557 a composite number?
True
Is 123591293 a composite number?
True
Is 10161209 a composite number?
False
Is 1681643 composite?
True
Is 3102173 composite?
False
Is 587263037 prime?
True
Is 2441351 a prime number?
False
Is 28045253 a composite number?
True
Is 12917183 composite?
False
Is 5872697 composite?
True
Is 162674647 a prime number?
True
Is 82142626 composite?
True
Is 52103231 prime?
True
Is 184009663 a composite number?
False
Is 54498929 a composite number?
False
Is 1038379 prime?
False
Is 106239853 a composite number?
False
Is 530769337 prime?
False
Is 10295713 a prime number?
False
Is 27440717 composite?
True
Is 31847254 a composite number?
True
Is 98056067 a composite number?
False
Is 397949 prime?
False
Is 3668117 prime?
True
Is 2080847 a prime number?
True
Is 100485217 a composite number?
True
Is 563249 a composite number?
False
Is 11756159 composite?
True
Is 563219 prime?
True
Is 72164597 prime?
True
Is 8610997 a composite number?
False
Is 663863 prime?
False
Is 597937033 a composite number?
False
Is 11943493 composite?
False
Is 3022585 composite?
True
Is 5549561 prime?
True
Is 200569 a prime number?
True
Is 356309 a prime number?
False
Is 92436521 composite?
False
Is 12446167 prime?
False
Is 28881971 prime?
True
Is 9698963 prime?
False
Is 1209319 prime?
False
Is 6708061 a prime number?
True
Is 62563717 a prime number?
True
Is 12544481 prime?
True
Is 59170259 prime?
False
Is 174759861 a composite number?
True
Is 6362287 a composite number?
False
Is 28210601 a prime number?
True
Is 29723819 prime?
True
Is 2862823 a prime number?
False
Is 396312746 prime?
False
Is 18991403 a composite number?
False
Is 6456577 a prime number?
True
Is 3783263 composite?
True
Is 442121 a prime number?
True
Is 3895163 prime?
False
Is 22570447 prime?
False
Is 5830379 a prime number?
False
Is 26111639 prime?
True
Is 19474063 composite?
True
Is 45115379 prime?
False
Is 235373 composite?
True
Is 14650351 composite?
False
Is 2177093 prime?
True
Is 71076589 composite?
False
Is 183442099 prime?
True
Is 3006967 a prime number?
True
Is 294583279 a prime number?
True
Is 14461739 prime?
False
Is 703513849 a composite number?
False
Is 2287343 a composite number?
False
Is 72843571 composite?
True
Is 4640213 prime?
True
Is 12771679 a prime number?
True
Is 615521 composite?
False
Is 6337129 prime?
True
Is 21785903 a prime number?
True
Is 153205435 composite?
True
Is 600013369 prime?
False
Is 5032541 a prime number?
False
Is 448037 a prime number?
False
Is 1683593 prime?
False
Is 646403 composite?
False
Is 22418717 prime?
True
Is 9234451 composite?
True
Is 693493 a prime number?
True
Is 627743 a prime number?
False
Is 16016579 prime?
False
Is 54290261 prime?
True
Is 77835566 composite?
True
Is 4307657 a prime number?
False
Is 472754 prime?
False
Is 170451805 prime?
False